
6
Let j(r) = 2*r**3 - 32*r**2 + 114*r + 50. Give j(10).
-10
Let b(f) = -88*f - 285. What is b(-3)?
-21
Let b(m) = -10*m + 31. Give b(7).
-39
Let l(j) = j**2 + 47*j + 660. Give l(-18).
138
Let u(p) = 30*p + 2633. Determine u(-88).
-7
Let x(c) = 10*c**2 - 370*c - 1196. Give x(40).
4
Let g(h) = 3*h**2 + 135*h - 163. Determine g(-46).
-25
Let j(h) = -68*h + 547. Calculate j(8).
3
Let w(s) = -17*s**2 - 19*s - 23. What is w(-2)?
-53
Let u(m) = m**3 - 6*m**2 - 16*m + 19. Calculate u(5).
-86
Let c(v) = -1007*v - 5091. Calculate c(-5).
-56
Let m(c) = -3*c**3 + 31*c**2 + 44*c - 43. What is m(12)?
-235
Let o(k) = 44*k + 665. Give o(-14).
49
Let r(t) = t**3 + 13*t**2 + 20*t + 2. Calculate r(-11).
24
Let f(i) = -6*i**2 - 359*i + 22. Give f(-60).
-38
Let l(w) = 163*w - 1469. Determine l(9).
-2
Let o(q) = 3*q**3 + 58*q**2 + 222*q - 37. Calculate o(-14).
-9
Let t(m) = 204*m + 3061. Give t(-15).
1
Let u(k) = 6*k**3 + 11*k**2 + 16*k + 14. Calculate u(-1).
3
Let h(y) = -14*y**2 + 1309*y - 654. Give h(93).
-3
Let s(m) = 71*m - 58. Calculate s(0).
-58
Let d(r) = -r**3 + 46*r**2 + 572*r + 24. Calculate d(-10).
-96
Let b(g) = -g**3 - 73*g**2 + 155*g + 280. What is b(-75)?
-95
Let i(b) = -217*b + 751. Calculate i(3).
100
Let y(j) = 44*j + 1616. What is y(-38)?
-56
Let q(l) = -85*l - 25. Calculate q(1).
-110
Let h(k) = 54*k + 2055. Determine h(-38).
3
Let m(s) = -38*s + 304. Calculate m(6).
76
Let c(a) = 28*a**2 + 77*a + 149. What is c(-2)?
107
Let p(n) = -n**2 - 53*n - 26. What is p(0)?
-26
Let b(n) = 12*n**3 + n**2 + 6. Determine b(-2).
-86
Let l(i) = -42*i + 6654. Give l(158).
18
Let g(p) = 2*p**3 - 30*p**2 - 34*p - 15. Determine g(16).
-47
Let y(o) = -18*o + 2. Calculate y(2).
-34
Let q(b) = 93*b + 11426. Give q(-123).
-13
Let k(v) = 13*v**2 + 8*v - 21. Determine k(2).
47
Let p(q) = 93*q + 2037. What is p(-22)?
-9
Let n(v) = 30*v - 386. What is n(13)?
4
Let r(a) = -2*a**3 - 27*a**2 + 369*a + 17. Calculate r(-22).
127
Let x(l) = -5*l**3 + l**2 - 5*l - 9. Determine x(-2).
45
Let i(d) = 408*d + 2455. Calculate i(-6).
7
Let d(x) = -1769*x + 12382. Determine d(7).
-1
Let b(p) = p**3 + 6*p**2 - 12*p + 8. Give b(-4).
88
Let s(l) = -l**3 + 5*l**2 - 9*l - 23. What is s(-4)?
157
Let j(o) = 375*o - 4124. What is j(11)?
1
Let h(t) = 17*t**2 + 149*t - 929. What is h(-13)?
7
Let d(n) = -4*n**2 - 99*n + 16. Determine d(-20).
396
Let v(w) = -w**3 - 93*w**2 - 350*w + 530. Calculate v(-89).
-4
Let y(s) = 5*s**3 + 184*s**2 + 471*s - 79. Give y(-34).
91
Let k(p) = 98*p**2 + 1191*p + 15. What is k(-12)?
-165
Let b(o) = -387*o - 4982. What is b(-13)?
49
Let m(t) = -t**3 - 36*t - 340. Calculate m(-6).
92
Let y(c) = 36*c - 1753. Give y(46).
-97
Let m(i) = i**2 + 8*i - 27. Give m(-13).
38
Let u(y) = -y**2 + 233*y + 1680. What is u(-7)?
0
Let x(y) = 28*y - 705. Give x(38).
359
Let b(j) = -j**2 + 219*j - 4160. Give b(21).
-2
Let r(l) = -323*l**2 + 1. Calculate r(1).
-322
Let x(w) = 1921*w + 9611. Determine x(-5).
6
Let z(x) = x**3 + 588*x - 1779. Calculate z(3).
12
Let y(t) = t**3 - 5*t**2 + 18*t - 179. What is y(7)?
45
Let j(k) = 45*k**2 - 267*k - 35. Calculate j(6).
-17
Let s(d) = -1443*d + 121. Give s(0).
121
Let t(q) = 2*q**2 + 90*q - 4732. What is t(-76)?
-20
Let t(q) = 141*q - 1419. Determine t(10).
-9
Let w(a) = -5*a**2 - 201*a - 44. What is w(-40)?
-4
Let y(t) = 5*t**2 + 43*t + 91. Calculate y(-4).
-1
Let r(i) = -4*i**3 - 74*i**2 + 38*i - 1. Calculate r(-19).
-1
Let u(b) = -50*b + 1579. What is u(28)?
179
Let k(d) = -d**3 - 26*d**2 + 978*d - 432. Calculate k(-47).
-9
Let k(o) = 2*o**2 + 23*o - 49. What is k(-13)?
-10
Let l(w) = -12*w - 847. Determine l(-70).
-7
Let k(w) = w**3 - 15*w**2 - 159*w + 115. Calculate k(22).
5
Let a(u) = -147*u + 521. What is a(4)?
-67
Let y(p) = -4*p**3 + 89*p**2 - 48*p + 507. Calculate y(22).
-65
Let z(m) = m**2 + 137*m + 3453. Determine z(-33).
21
Let g(y) = 2*y**3 - 80*y**2 - 3*y + 88. Determine g(40).
-32
Let y(m) = m**3 + 57*m**2 + 56*m - 91. What is y(-56)?
-91
Let p(f) = -3*f**3 + 8*f**2 - 2*f + 17. Determine p(6).
-355
Let h(y) = 66*y + 343. Determine h(-5).
13
Let b(r) = 2*r**2 + 12*r - 74. Calculate b(-10).
6
Let f(n) = 1409*n**2 - 5630*n. Determine f(4).
24
Let t(j) = -39*j**3 + 11*j**2 + 38*j + 38. Give t(-1).
50
Let p(k) = 283*k - 1387. Give p(5).
28
Let y(d) = -163*d + 973. Calculate y(6).
-5
Let b(h) = -4*h**3 - 10*h**2 - 15*h - 28. Give b(-2).
-6
Let c(q) = -86*q - 1177. Calculate c(-13).
-59
Let y(p) = 3*p - 101. Determine y(-6).
-119
Let i(l) = -l**3 - 26*l**2 + 34*l - 49. What is i(-27)?
-238
Let y(k) = k**3 + 18*k**2 + 52*k - 23. Determine y(-14).
33
Let p(k) = k**2 + 97*k + 2227. Give p(-40).
-53
Let b(u) = 385*u + 895. What is b(-3)?
-260
Let t(s) = -s**3 + 11*s**2 - 31*s - 14. Give t(5).
-19
Let w(o) = 8*o + 394. What is w(-56)?
-54
Let h(y) = 35*y**3 - 4*y**2 - 15*y - 5. What is h(-2)?
-271
Let q(w) = -2*w**2 + 151*w - 1023. What is q(68)?
-3
Let q(d) = -d**2 + d + 17. Determine q(8).
-39
Let v(l) = -l - 345. Determine v(-40).
-305
Let u(l) = l**3 - 57*l**2 - 57*l - 17. Calculate u(58).
41
Let u(n) = -n**3 + 14*n**2 - 46*n + 36. What is u(3)?
-3
Let c(n) = 30*n + 743. What is c(-25)?
-7
Let s(x) = -4*x**2 - 370*x - 849. What is s(-90)?
51
Let b(q) = 470*q + 8222. Determine b(-18).
-238
Let y(u) = -13*u**2 + 16*u - 24. Give y(1).
-21
Let t(j) = 334*j + 1202. Calculate t(-5).
-468
Let o(v) = -9*v**2 + 815*v - 456. Give o(90).
-6
Let c(p) = -p**3 - 24*p**2 - 103*p + 415. Calculate c(-16).
15
Let w(k) = -17*k**2 - 142*k - 36. What is w(-8)?
12
Let u(m) = 14*m**2 - 75*m - 63. What is u(6)?
-9
Let a(x) = 159*x + 1413. What is a(-9)?
-18
Let t(f) = -14*f + 38. Calculate t(-10).
178
Let m(h) = -2*h**2 + 104*h + 453. Determine m(-4).
5
Let f(m) = 3*m**3 - 23*m**2 + 5*m + 70. Calculate f(7).
7
Let j(z) = -49*z**3 + 5*z**2 - 5*z - 5. What is j(-1)?
54
Let r(t) = 158*t - 919. What is r(6)?
29
Let h(f) = 325*f + 6181. What is h(-19)?
6
Let n(u) = u**2 + 8*u - 42. What is n(-11)?
-9
Let d(t) = 4*t**2 - 25*t + 12. What is d(-3)?
123
Let y(u) = 31*u - 149. Give y(3).
-56
Let z(x) = -x**3 - 13*x**2 + 52*x + 338. Give z(-15).
8
Let y(q) = -43*q + 254. Give y(6).
-4
Let s(d) = 79*d**3 + d**2 + 3*d - 2. Calculate s(1).
81
Let r(m) = -m**3 - 13*m**2 - 7*m - 29. Give r(-6).
-239
Let z(r) = -2*r**2 + 90*r - 935. What is z(29)?
-7
Let l(q) = -37*q**2 - 151*q + 38. Calculate l(-5).
-132
Let k(b) = -4*b**2 - 372*b - 746. Calculate k(-2).
-18
Let a(z) = -629*z - 22022. What is a(-35)?
-7
Let o(a) = -a**3 - 5*a**2 + 5*a + 39. Determine o(-4).
3
Let z(j) = -29*j - 3964. Give z(-137).
9
Let r(c) = c**2 - 29*c - 66. Determine r(31).
-4
Let m(r) = 28*r**2 - 29*r - 30. Give m(-1).
27
Let o(a) = 7*a - 162. Give o(29).
41
Let n(x) = -x**3 + 77*x**2 + 154*x + 315. Give n(79).
-1
Let c(q) = 2*q**2 + 26*q - 585. Calculate c(13).
91
Let p(t) = -t**3 + 5*t**2 + 13*t. What is p(7)?
-7
Let i(x) = -2*x**2 + 144*x - 95. What is i(71)?
47
Let f(u) = 15*u**2 - 219*u - 112. What is f(15)?
-22
Let p(n) = -627*n - 5643. Calculate p(-9).
0
Let d(g) = -563*g + 359. What is d(0)?
359
Let p(z) = -1823*z + 43757. Calculate p(24).
5
Let a(p) = -p**2 - 5*p + 18. Calculate a(-18).
-216
Let u(b) = -b**3 + b + 107. What is u(0)?
107
Let i(u) = 18*u**2 + 212*u + 2. Determine i(-12).
50
Let f(w) = -w**3 + 53*w**2 - 56*w - 117. What is f(52)?
-325
Let l(g) = 3*g**2 - 4*g - 6. Determine l(3).
9
Let u(p) = -12*p - 69. Determine u(-5).
-9
Let h(j) = 14*j - 82. What is h(-11)?
-236
Let m(g) = 173*g - 698. Calculate m(3).
-179
Let k(p) = -p**2 - 30*p + 42. Give k(-21).
231
Let v(p) = p**2 + 28*p - 156. Calculate v(6).
48
Let o(j) = -j**3 - 3*j**2 + 47*j + 239. Give o(-6).
65
Let i(d) = -d**3 - 31*d**2 - 19*d + 363. Determine i(-30).
33
Let v(n) = -2*n**2 + 113*n - 1548. Determine v(27).
45
Let g(x) = 5*x**2 - 29*x - 40. Give g(7).
2
Let i(u) = 2459*u + 29505. What is i(-12)?
-3
Let s(k) = 2*k**2 - 34*k - 524. What is s(30)?
256
Let g(f) = -f**3 - 859*f**2 - 5131*f - 72. Determine g(-6).
6
Let v(f) = 66*f + 1419. What is v(-22)?
-33
Let b(n) = -3*n**3 + 36*n**2 - 4*n + 8. What is b(12)?
-40
Let l(p) = 2*p**2 - 80*p + 777. Give l(19).
-21
Let v(z) = 570*z + 6775. Calculate v(-12).
-65
Let q(g) = g**2 + 92*g - 2092. Determine q(-111).
17
Let m(l) = 584*l - 3508. What is m(6)?
-4
Let u(g) = -29*